= g - 15527. Is d a composite number?
True
Let r(y) = 8378*y**2 + 40*y - 37. Is r(4) a prime number?
True
Let n be (-640)/(-11) + 12/(-66). Suppose -n*p = -47*p - 26389. Is p a prime number?
True
Suppose 27*r = -8543852 + 23061293. Is r a composite number?
True
Suppose 5*k - 8 = 3*r, -4*r + 12 + 12 = 2*k. Let m be 0 - -3 - (-2)/(-2). Suppose 0*u + u + 2804 = 4*i, 0 = m*i + k*u - 1402. Is i prime?
True
Suppose -4*d + 53176 = -4*t + 9216, 21983 = 2*d + t. Suppose 163*j - 162*j = d. Is j composite?
True
Let f = 26744 - 46874. Is -8 - 14/(28/f) a prime number?
False
Suppose -6*g - 9289 + 42685 = 0. Suppose g = -4*h - 5138. Let y = 5281 + h. Is y a prime number?
False
Suppose -18*f = 4*f - 806916. Suppose 149*h = 143*h + f. Is h composite?
False
Let t(k) be the second derivative of -k**5/10 - 5*k**4/6 + 4*k**3 - 7*k**2/2 - k + 1. Is t(-10) composite?
True
Let s(r) = -6*r + 31. Let a = 23 - 18. Let u be s(a). Is ((-2253)/(-2))/((u/(-2))/(-1)) prime?
False
Let i = 842 - 838. Suppose -29768 = -i*k - 2*b - 2*b, -k + 7472 = -5*b. Is k a prime number?
False
Let a(k) = -276*k**3 + 9*k**2 + 41*k + 149. Is a(-7) a prime number?
False
Let l = 514 - 406. Is (4 - 408/l) + 314755/9 a prime number?
False
Suppose 2*w - 5*a + 5 = 6, 5 = -5*a. Is (-1 - w)/(13/15769) a composite number?
False
Let y(r) = -r**2 - 41*r + 415. Let p be y(0). Let h = p + 220. Is h composite?
True
Suppose -3*v - 33 + 33 = 0. Suppose v = 11*g + 1011 + 1684. Let m = -148 - g. Is m prime?
True
Let j(k) = -10149*k - 3926. Is j(-27) a composite number?
False
Suppose -12*h + 620 = -2992. Let t = 1704 - h. Is t composite?
True
Is 21 + (-41181546)/(-273) - 5/((-130)/(-4)) a prime number?
True
Suppose -46*m - 24 = -42*m, 4*d = -m + 95422. Is d prime?
True
Let w(u) = 2368*u**2 + 10*u + 46. Is w(-4) composite?
True
Let a(c) = -21*c + 264467. Is a(0) a composite number?
True
Suppose 3*a + 84 = -0*a. Let v be (4/a - -1)*-7. Is 214 + -1 - (2 + v) a composite number?
True
Let a = 277494 + -163847. Is a a composite number?
False
Let k(m) = 6*m + 100. Let q(g) = g + 1. Let u(h) = k(h) - 5*q(h). Is u(-6) a composite number?
False
Suppose -98*f + 101*f = -15, -l + f = -101032. Is l composite?
False
Let r(q) = 27906*q - 2829. Is r(10) a prime number?
False
Let g = -3911 + 6912. Let x = 5288 - g. Is x prime?
True
Let b be 492/(-96) + 9 + 2/16. Is (b/(-4))/((-5)/2495) a composite number?
False
Let k(v) = 89*v**2 + 2*v + 22. Is k(27) composite?
True
Is 15 + 2 + 133031 + -11 a composite number?
True
Suppose -3*g - 2*o + 1532092 = 0, 226*o = 3*g + 227*o - 1532093. Is g prime?
False
Let z(k) = 60*k - 2. Let t be z(1). Suppose 3*i + 2*h - t = 0, h - 18 = -i - 0*h. Suppose -i*f = -26*f + 436. Is f composite?
False
Suppose -5*z - 2398 = -p, 4*p - 3581 = 4*z + 5931. Let r(i) = -24*i + 20. Let f be r(17). Let c = f + p. Is c prime?
False
Suppose 7*g - 406502 = 336590. Let l = g + -53027. Is l a prime number?
True
Let s = 83893 + -38121. Is (s/32)/(5/40) a composite number?
False
Suppose -4*m + s - 10 + 16 = 0, -2*m + 2*s = -6. Let x(c) = 4642*c**2 + 6*c - 3. Is x(m) a prime number?
False
Suppose 0 = 5*y + 4*n - 1101, -2*y = -0*n - 2*n - 444. Suppose -7*v - y = 94. Let z = v + 362. Is z a composite number?
False
Let p(m) = -20773*m + 5460. Is p(-17) a prime number?
True
Suppose 4*j - 13 = 4*u - 57, 0 = -5*u - 5*j + 55. Let h(w) = -w**3 + 15*w**2 - 17*w + 12. Let i be h(u). Suppose 6*f = 6723 - i. Is f a composite number?
False
Is 79756/(-10)*(-940)/376 a composite number?
True
Let u(q) = q**3 + 37*q**2 + 47*q + 73. Let g be u(-31). Is g/5 - (0 - (-12)/(-20)) a prime number?
True
Suppose 5*i - 13029 = 2*i. Let g = -127 + 922. Suppose g - i = -4*a. Is a a prime number?
True
Let q(k) = 6826*k**2 + 23*k + 76. Is q(-3) a composite number?
False
Let f be 38/(-57) + 26/(-6) - -20557. Suppose 0*x - f = -8*x. Is x a prime number?
False
Suppose 113*h = 311*h + 22016582 - 184620914. Is h prime?
False
Let t = 469243 - 74774. Is t a composite number?
True
Suppose -6405649 = -255*z + 5482196. Is z prime?
True
Let k = -36 + 48. Let q(w) = -8*w - 10*w**2 + 12*w**2 + 3 + w**3 + k*w**2. Is q(-8) a prime number?
False
Suppose 3*d - 95 = d - 5*n, 3*n - 197 = -4*d. Suppose 6*h - d = -4*h. Suppose -h*j - 533 = -1648. Is j a composite number?
False
Suppose 4 = 4*z, -z - 12514 + 4601 = -2*x. Suppose x = 10*b - 4813. Is b composite?
False
Suppose 76532549 - 28543877 = 68*x - 24141716. Is x a composite number?
True
Let x(w) = -5*w + 20. Let r be x(8). Let n(j) = j**2 + 21*j + 24. Let a be n(r). Suppose -f - 3120 = -3*l, l + a*f - 1053 = -0*f. Is l a prime number?
False
Let r = -567 + -3230. Let m = -2062 - r. Is m prime?
False
Suppose -85988 + 717943 = 5*o - 5*p, -5*p + 30 = 0. Is o composite?
False
Suppose 0*h = 3*w - 5*h - 20765, 5*w - 34595 = -5*h. Let r = 10477 - w. Is r a composite number?
False
Suppose -11*y = -7926454 + 1467331. Is y a prime number?
False
Let o(k) be the third derivative of -323*k**6/120 + k**4/24 + k**3/6 - 116*k**2. Suppose 2*v = -0*a + 4*a + 4, a - 5*v = -1. Is o(a) prime?
False
Let k be (395/3)/((-1)/12). Let g = 4524 + k. Let z = g - 1889. Is z a composite number?
True
Let o be (-6)/(-10) - 12/20. Let r(f) = -f**2 - 149. Let b be r(o). Is (b + (2 - -2))/(-1) a prime number?
False
Let z(o) = -o**2 + 9*o - 12. Let l be z(7). Let s(d) = -236*d**3 + 2*d**2 + 4*d + 163*d**3 + d**l + 7. Is s(-3) a prime number?
True
Suppose -49285 = -7*v + 65872. Suppose 0 = 36*d - 55081 - v. Is d a prime number?
True
Let n = -381317 - -551854. Is n a composite number?
False
Suppose -u + 14179 = -3*a, u + 4*a + 882 = 15075. Is u composite?
True
Let u(o) = 1147*o**2 - 6*o - 4. Let v be -1 + (-9)/(-3) + (5 - 8). Is u(v) prime?
False
Is (-5)/(-25) + (-6651220)/(-25) + -2 composite?
False
Let k(r) = 1054*r**3 + 26*r**2 - 19*r + 2. Is k(7) a composite number?
True
Let l(h) = 35714*h**3 + 5*h**2 + 8*h - 113. Is l(3) a prime number?
False
Let x = 428450 + -295959. Is x composite?
False
Let d be 2*(8/7 - (-3)/(-21)). Suppose 2 = 4*l - 3*i, -l + d + 6 = 3*i. Is (4 + 54)/(l/29 - 0) a composite number?
True
Is (-2 + 2 - 468478/(-8))*(28 + -24) a composite number?
False
Let c(k) = -41*k + 5. Let f be c(0). Suppose -12*m + f*m = -833. Is m prime?
False
Is (-41673)/(-8) - (35/40)/7 a composite number?
False
Let c(a) = 59*a**2 - 186*a - 6702. Is c(-31) prime?
True
Suppose -2*l + 336158 = -693264. Is l prime?
True
Suppose -3*s - 12 = -7*s. Let d be (-6)/(2/(20/s)). Is 1014/8 + d/(-80) a composite number?
False
Suppose 18 = 5*r + 8, 5*d = 3*r + 14. Is 3023*(7 - (7 + d + -6)) prime?
False
Suppose q + 4*h + 112 = 2*q, -5*h = 3*q - 421. Suppose 148*l - 140816 = q*l. Is l a prime number?
False
Let w(a) = 8*a + 6. Let v be w(4). Suppose v*u = 35*u. Suppose u = 3*r - 111 - 1392. Is r prime?
False
Let u = -2 - -5. Suppose 4*d = u*p - 7480, -4*p - 3734 = 2*d - 7*p. Let k = d + 2960. Is k a prime number?
True
Suppose 1564*x - 4219461 = 1555*x. Is x composite?
True
Let o(c) = 169*c**2 - 40*c + 122. Is o(17) composite?
True
Let l(p) = -41*p**2 - 71*p - 2. Let m(x) = -124*x**2 - 211*x - 5. Let k(n) = -7*l(n) + 2*m(n). Is k(-14) composite?
True
Suppose 4*i - 672133 = 136*a - 131*a, i = 4*a + 168058. Is i composite?
True
Suppose -4*t = 28, -160*t = 2*m - 164*t - 1448894. Is m composite?
False
Suppose 0 = -4*f - 24, 12*v = 9*v + 14*f + 820131. Is v prime?
True
Let x(z) = -23646*z - 965. Is x(-1) a prime number?
False
Suppose 4*x - 20 = -4*q, -4*x = -3*q + 14 + 1. Suppose 5*w - 11 = 9, -5*f + 5255 = -q*w. Is f prime?
False
Let b = -135487 + 274540. Is b prime?
False
Is ((-96)/224 - (-2657434)/7) + 0 composite?
False
Let y(s) = -5*s - 41. Let k be y(-14). Suppose 3*r - 3 = 0, k = 7*n - 6*n - 2*r. Is n a prime number?
True
Suppose -16 = -5*s + 2*y + 21, -s - 3*y = -21. Suppose 2*i - 3*q = 2095, -s*i + 4*i + q + 5218 = 0. Is i a prime number?
False
Let s(t) be the first derivative of 93*t**3 + 3*t**2/2 + t - 176. Is s(3) composite?
False
Let z(s) = 6647*s - 526. Is z(7) prime?
False
Suppose 3*a + 5*z - 392806 = 0, -4*a = 3*z - 378540 - 145183. Is a a prime number?
True
Let f = -37 - -37. Suppose f = -n + 5*x + 354, -6*n - 5*x = -4*n - 633. Is n a prime number?
False
Let n = 3781 + -9108. Let c = -3160 - n. Is c prime?
False
Let k be 1 - -3 - (-5 + 16148). Let u = k - -2